
-1
What is -20 (base 8) in base 4?
-100
What is -10000 (base 2) in base 5?
-31
-29 (base 10) to base 4
-131
Convert -1 (base 8) to base 6.
-1
What is 1212 (base 3) in base 13?
3b
Convert 113 (base 6) to base 11.
41
9 (base 11) to base 13
9
-10 (base 5) to base 2
-101
0 (base 11) to base 7
0
-10 (base 2) to base 11
-2
11 (base 7) to base 9
8
-9 (base 11) to base 15
-9
Convert 10 (base 7) to base 2.
111
1 (base 10) to base 2
1
Convert 3 (base 7) to base 13.
3
Convert 3b (base 12) to base 8.
57
-6 (base 7) to base 4
-12
-100 (base 6) to base 3
-1100
Convert -77 (base 15) to base 13.
-88
Convert 72 (base 9) to base 8.
101
What is -20 (base 8) in base 13?
-13
What is -23 (base 11) in base 5?
-100
4 (base 9) to base 14
4
Convert 1b (base 13) to base 5.
44
What is 1010100 (base 2) in base 4?
1110
Convert -441 (base 7) to base 13.
-144
What is 1101101 (base 2) in base 6?
301
What is -100 (base 2) in base 8?
-4
What is 93 (base 12) in base 7?
216
Convert 5 (base 14) to base 5.
10
Convert 0 (base 2) to base 7.
0
What is 1aa (base 13) in base 4?
10311
Convert -2 (base 12) to base 16.
-2
Convert 0 (base 12) to base 8.
0
What is -34 (base 14) in base 3?
-1201
What is 22102 (base 3) in base 8?
343
-21 (base 12) to base 11
-23
13 (base 15) to base 8
22
-38 (base 16) to base 15
-3b
Convert 100210 (base 3) to base 11.
220
-107 (base 12) to base 9
-177
-245 (base 8) to base 2
-10100101
Convert -33 (base 14) to base 11.
-41
Convert -9 (base 16) to base 11.
-9
Convert -514 (base 6) to base 3.
-21001
What is 501 (base 6) in base 14?
cd
What is -111 (base 5) in base 3?
-1011
Convert 1 (base 6) to base 8.
1
-10 (base 9) to base 2
-1001
What is 1100 (base 5) in base 15?
a0
-5 (base 12) to base 3
-12
Convert 2 (base 6) to base 8.
2
-100 (base 2) to base 13
-4
What is -4 (base 6) in base 13?
-4
Convert -4 (base 5) to base 3.
-11
What is 0 (base 9) in base 12?
0
-50 (base 7) to base 5
-120
58 (base 10) to base 4
322
What is 4 (base 12) in base 7?
4
Convert -2 (base 6) to base 12.
-2
-11 (base 4) to base 8
-5
What is -32 (base 8) in base 3?
-222
Convert 17 (base 15) to base 9.
24
What is -13 (base 15) in base 8?
-22
Convert -2b (base 16) to base 2.
-101011
Convert 187 (base 9) to base 4.
2200
What is 1010 (base 2) in base 16?
a
-18 (base 10) to base 7
-24
What is -54 (base 9) in base 4?
-301
Convert -c (base 16) to base 5.
-22
What is -22 (base 7) in base 4?
-100
-9 (base 14) to base 5
-14
444 (base 6) to base 14
c4
Convert -31 (base 9) to base 7.
-40
Convert 73 (base 15) to base 4.
1230
Convert -35 (base 9) to base 10.
-32
What is -1 (base 16) in base 9?
-1
-221 (base 5) to base 13
-49
What is 2 (base 3) in base 11?
2
What is 1010 (base 2) in base 4?
22
-26 (base 11) to base 13
-22
What is -180 (base 10) in base 5?
-1210
11111 (base 2) to base 5
111
What is 2 (base 8) in base 12?
2
22 (base 8) to base 2
10010
Convert -2313 (base 4) to base 5.
-1213
1 (base 11) to base 12
1
Convert -331 (base 6) to base 12.
-a7
What is -1001100 (base 2) in base 16?
-4c
13 (base 11) to base 14
10
Convert -25 (base 16) to base 7.
-52
What is 2 (base 12) in base 8?
2
-1 (base 6) to base 11
-1
What is -40 (base 13) in base 10?
-52
What is -70 (base 10) in base 3?
-2121
27 (base 10) to base 4
123
Convert -23 (base 4) to base 9.
-12
Convert 1 (base 14) to base 6.
1
110011 (base 2) to base 15
36
What is 30 (base 4) in base 8?
14
5 (base 15) to base 8
5
Convert 43 (base 14) to base 3.
2012
34 (base 5) to base 4
103
-102 (base 4) to base 2
-10010
Convert 0 (base 9) to base 6.
0
-5 (base 15) to base 12
-5
2 (base 10) to base 15
2
What is -18 (base 13) in base 12?
-19
Convert -c (base 16) to base 13.
-c
What is 4 (base 9) in base 6?
4
-100 (base 7) to base 16
-31
What is -3 (base 11) in base 7?
-3
Convert -e (base 16) to base 3.
-112
What is 166 (base 9) in base 6?
353
1 (base 11) to base 12
1
101000 (base 2) to base 4
220
What is 110010 (base 2) in base 4?
302
What is -4 (base 10) in base 11?
-4
What is 14 (base 11) in base 7?
21
What is 365 (base 7) in base 14?
dc
3b (base 14) to base 12
45
4 (base 9) to base 12
4
What is 12 (base 13) in base 5?
30
What is 53 (base 6) in base 2?
100001
100 (base 3) to base 9
10
What is -3 (base 11) in base 10?
-3
Convert 7 (base 11) to base 10.
7
What is 3 (base 15) in base 4?
3
12 (base 15) to base 3
122
43 (base 7) to base 9
34
What is 2 (base 15) in base 7?
2
What is -1 (base 15) in base 16?
-1
-4 (base 15) to base 3
-11
-13 (base 5) to base 2
-1000
What is -10 (base 3) in base 6?
-3
What is -16 (base 8) in base 16?
-e
What is 51 (base 9) in base 7?
64
What is 51 (base 6) in base 13?
25
0 (base 15) to base 12
0
-8 (base 13) to base 2
-1000
Convert -a (base 13) to base 2.
-1010
-3 (base 7) to base 14
-3
Convert -2 (base 3) to base 8.
-2
What is -43 (base 6) in base 8?
-33
-30 (base 10) to base 16
-1e
-4 (base 10) to base 9
-4
Convert 1064 (base 7) to base 5.
3024
122 (base 3) to base 15
12
What is 5 (base 13) in base 12?
5
-41 (base 5) to base 7
-30
-27 (base 11) to base 3
-1002
Convert -a (base 15) to base 11.
-a
3 (base 14) to base 8
3
What is -13 (base 15) in base 12?
-16
Convert -11100111 (base 2) to base 9.
-276
-244 (base 5) to base 4
-1022
4c (base 13) to base 16
40
31 (base 15) to base 10
46
What is 535 (base 6) in base 12?
14b
What is -4 (base 10) in base 13?
-4
Convert -43 (base 5) to base 2.
-10111
What is 4 (base 16) in base 5?
4
What is -1 (base 6) in base 10?
-1
6 (base 15) to base 12
6
What is 201 (base 5) in base 6?
123
-53 (base 9) to base 8
-60
What is -3 (base 8) in base 2?
-11
Convert 1 (base 12) to base 8.
1
Convert 6 (base 7) to base 4.
12
-20 (base 12) to base 15
-19
Convert 1110 (base 2) to base 7.
20
2 (base 9) to base 7
2
-13 (base 5) to base 12
-8
Convert -31 (base 5) to base 11.
-15
Convert -2 (base 5) to base 10.
-2
34 (base 6) to base 10
22
Convert 31 (base 4) to base 11.
12
What is -2 (base 13) in base 3?
-2
Convert -2 (base 16) to base 9.
-2
Convert 48 (base 13) to base 3.
2020
What is -4 (base 14) in base 11?
-4
-2 (base 9) to base 7
-2
What is 41 (base 9) in base 4?
211
Convert 2 (base 9) to base 4.
2
3d (base 14) to base 3
2001
Convert -dc (base 16) to base 14.
-11a
Convert -7 (base 8) to base 10.
-7
-3 (base 13) to base 9
-3
Convert 11 (base 8) to base 16.
9
2 (base 9) to base 4
2
-25 (base 6) to base 3
-122
Convert 131 (base 4) to base 7.
41
Convert 122 (base 9) to base 5.
401
What is 1101 (base 3) in base 13?
2b
What is -25 (base 6) in base 12?
-15
-1 (base 11) to base 3
-1
What is -10111 (base 2) in base 5?
-43
What is -22 (base 12) in base 4?
-122
What is -101 (base 2) in base 12?
-5
Convert -7 (base 15) to base 5.
-12
What is -7 (base 11) in base 10?
-7
Convert f (base 16) to base 4.
33
Convert 2 (base 13) to base 7.
2
Convert 1 (base 10) to base 7.
1
Convert 2322 (base 5) to base 7.
661
Convert 11101 (base 2) to base 10.
29
Convert 3 (base 6) to base 9.
3
Convert -4a (base 14) to base 2.
-1000010
What is 3 (base 5) in base 12?
3
What is -103 (base 14) in base 7?
-403
What is 102 (base 6) in base 13?
2c
-9 (base 13) to base 5
-14
What is -13 (base 6) in base 15?
-9
5 (base 8) to base 12
5
What is -22 (base 4) in base 13?
-a
What is -24 (base 7) in base 9?
-20
What is 24 (base 5) in base 11?
13
What is 105 (base 15) in base 2?
11100110
-a (base 15) to base 7
-13
0 (base 2) to base 9
0
Convert 5 (base 10) to base 5.
10
What is 66 (base 10) in base 12?
56
What is 10 (base 2) in base 11?
2
What is -1011 (base 2) in base 5?
-21
Convert 1 (base 16) to base 4.
1
-2 (base 4) to base 6
-2
b8 (base 15) to base 7
335
Convert 56 (base 9) to base 10.
51
0 (base 8) to base 11
0
What is 312 (base 4) in base 2?
110110
Convert -b4 (base 16) to base 5.
-1210
0 (base 15) to base 7
0
Convert -11 (base 3) to base 2.
-100
Convert -3 (base 9) to base 5.
-3
5 (base 16) to base 4
11
What is 7 (base 11) in base 9?
7
What is 2 (base 8) in base 5?
2
-2 (base 14) to base 13
-2
Convert 14 (base 13) to base 12.
15
2b (base 13) to base 8
45
-2 (base 16) to base 3
-2
Convert 10 (base 9) to base 5.
14
-23 (base 9) to base 12
-19
What is -21 (base 8) in base 10?
-17
What is -2e (base 15) in base 10?
-44
13 (base 14) to base 12
15
What is -1 (base 11) in base 13?
-1
Convert 1 (base 3) to base 4.
1
What is -2 (base 15) in base 9?
-2
What is 12 (base 4